12. Let f be l(-10). What is the highest common factor of f and 10?
2
Let m(c) = 3*c**2 + 2*c + 1. Let r be m(-2). What is the greatest common factor of 27 and r?
9
Let c(h) = h - 17. Let u be c(9). Let v = u - -5. Let o be 2 - 0 - 6/v. What is the greatest common divisor of o and 24?
4
Suppose w + 0 - 2 = 0. Suppose 5*a - 3*a = 8. Calculate the greatest common divisor of a and w.
2
Let m be 15 + -6 - (-3 + 1). What is the greatest common factor of 11 and m?
11
Suppose 0 = 3*p + 4*p - 343. Let m be (-4)/14 - (-994)/p. What is the highest common divisor of 4 and m?
4
Let l(f) = 7*f + 3. Let y be l(7). Let r be y - (-1 - 0)*0. Suppose 0*p - r = -4*p. What is the greatest common divisor of 13 and p?
13
Let m(i) = i**3 + 7*i**2 + 7*i - 8. Let v be m(-6). Let d be 7/v - 6/(-4). What is the highest common divisor of 1 and d?
1
Suppose -4*k + 2*m = -22, 3*k - 2*m - 16 = -0*m. What is the highest common factor of k and 24?
6
Let z = 54 - 19. What is the greatest common divisor of 175 and z?
35
Suppose 4*w = 4*t + 60, 4*t + 78 = 3*w - 5*w. Let p be -1 - 3*(t + 2). Let s = p + -23. Calculate the greatest common divisor of s and 16.
8
Let g = -31 + 44. What is the greatest common factor of 13 and g?
13
Suppose 0*g + 25 = 5*g. Suppose -1 = -2*s + g. Suppose -3*f - 5*y + 91 = 4, -3*f + 4*y + 60 = 0. Calculate the greatest common divisor of f and s.
3
Let v be -1 + 0 - 1 - -398. Calculate the greatest common factor of v and 44.
44
Suppose 3*d + v = -0 + 1, -5*v = 10. Let n = -2 - d. Let m = n - -17. Calculate the highest common divisor of m and 42.
14
Let y be 6/(-8)*-1*12. Suppose -3*s = -0*s - y. Let j be -5*(114/(-10))/s. Calculate the greatest common divisor of j and 152.
19
Suppose 0 = 3*r - 165 + 45. Calculate the greatest common divisor of r and 16.
8
Suppose -f + 5 = 2. Suppose 0 = -f*y + 87 + 57. Let o = 27 - 11. What is the greatest common factor of o and y?
16
Suppose 62 = 5*g + 17. Suppose 0 = -g*y + 4*y + 40. Let u(w) = 7*w - 11. Let l be u(13). What is the greatest common divisor of y and l?
8
Let i = -22 + 25. Suppose 0 = -i*a + 18 + 15. Calculate the greatest common divisor of a and 33.
11
Let p be ((-1 - -57)*-2)/(-1). Calculate the greatest common divisor of 16 and p.
16
Let y = 41 - 4. Calculate the greatest common factor of 148 and y.
37
Let b = 18 + -3. What is the highest common factor of 165 and b?
15
Suppose 111 + 393 = 7*s. Calculate the greatest common divisor of 9 and s.
9
Let g be (5*-1)/(8/(-8)). What is the highest common divisor of 20 and g?
5
Let t be (-2 + (-18)/(-12))*-78. Let l = -10 + 7. Let f be (-4)/6 - 80/l. What is the highest common divisor of f and t?
13
Let f(y) = y - 4. Let q be f(9). Suppose 0*w + 3*w = 195. Let d = w - 25. What is the greatest common divisor of d and q?
5
Suppose 3*a + l - 51 = 6*l, -a = 4*l - 17. Calculate the highest common factor of 153 and a.
17
Suppose -6*u + 5*u + 155 = 5*i, -2*i + 85 = 5*u. Calculate the greatest common divisor of 15 and i.
15
Let x(q) = -13*q**2 + 2*q - 1. Let c be x(1). Let z be 28/3 + c/(-18). What is the greatest common divisor of 80 and z?
10
Suppose 2*t = -0*t - 5*g, -5*g + 30 = -4*t. Let l(r) = -3*r - 7. Let j be l(t). What is the highest common divisor of j and 2?
2
Let l be 6/2 - (9 - 13). What is the greatest common divisor of l and 133?
7
Let u(k) = 9*k. Let n be u(2). Let t(m) be the third derivative of 199*m**5/60 - m**4/24 + 3*m**2. Let r be t(1). What is the greatest common factor of n and r?
18
Let z = 6 + -4. Let i = z - -4. Suppose 0 = 2*u + u - i. Calculate the greatest common divisor of 8 and u.
2
Suppose -3*j = -150 - 90. What is the highest common factor of j and 16?
16
Suppose -n - 4*m = n - 4, -5 = -m. Let i = n + 9. Let a be 2/(-7) - 9/(-7). What is the greatest common factor of i and a?
1
Let f = -25 + 40. Suppose r - 493 = -2*r + 2*b, 0 = 2*r - 5*b - 325. Calculate the greatest common factor of r and f.
15
Suppose 30 = -5*b - 0*k + 5*k, 5*b + 34 = 4*k. Let p = b - -11. Suppose -p - 1 = -2*h. What is the highest common factor of h and 4?
1
Suppose -3*p = -4*p + 99. Suppose -10 - 26 = -4*y. What is the highest common factor of p and y?
9
Let y(n) = -n**3 + 2*n**2 + 9*n + 6. Let x be y(4). What is the greatest common divisor of 30 and x?
10
Suppose -h = -4*q + 7, -5*q + 0*h + 3*h = 0. Suppose -13 = -q*l - 7. Let m be (3/(-4))/(l/(-144)). What is the greatest common factor of 36 and m?
18
Let t = 1 - -2. Suppose -3*p - 18 = -3*d, 3*d - 2*d + t*p + 6 = 0. Let r be d/(-2)*(-24)/18. Calculate the greatest common divisor of 2 and r.
2
Suppose q - 5*q = 0. Suppose 3*b - 22 - 20 = q. Let p = b + -8. Calculate the highest common divisor of p and 1.
1
Let r be (-4)/(-6)*(-9)/(-6). Let m(q) = q**3 + 2*q**2 - 2*q + 1. Let x be m(3). Suppose 4*h = -h + x. What is the highest common factor of h and r?
1
Let n be 3*(-3 - -2)*-1. Let a(z) = z**3 - 2*z**2 - 2*z - 3. Let h be a(n). Suppose -3*u - u + 40 = h. What is the greatest common factor of u and 10?
10
Let u(i) = i + 3. Let y be u(0). Suppose -2*m - 9 = -f, 4*m + y + 4 = f. What is the highest common factor of f and 55?
11
Let z = -7 + 10. Suppose -1 + z = y. Calculate the greatest common factor of y and 14.
2
Let o be 38/(-57) + (-26)/(-3). Calculate the highest common divisor of o and 8.
8
Let h(u) = 241*u**3 - 2*u + 1. Let n be h(1). Calculate the highest common divisor of 30 and n.
30
Let h be (5/(-3))/((-1)/6). Let u be (-18)/24 + (-27)/(-4). Suppose -u = -2*z, 78 - 12 = 4*i + 2*z. What is the greatest common divisor of h and i?
5
Let c(n) = -n**3 + 6. Let s be c(0). Let q be 147/2*8/s. What is the greatest common divisor of q and 14?
14
Let j(x) = -9*x - 3. Let w(u) = u. Let t(h) = j(h) + 6*w(h). Let p be t(-2). Suppose 4*y = 2*y + 36. What is the greatest common factor of y and p?
3
Suppose 4*p = -0*p + 40. Suppose -5*i = -p, -4*i = -4*u - 0*i + 48. Suppose 5*z - 529 = 241. What is the highest common divisor of u and z?
14
Let j be (5 - 4)/(2/(-8)). Let l = 19 + j. Let b be (-5)/(l/(-24)) - 2. What is the greatest common divisor of b and 48?
6
Suppose 39 = 4*j - 21. Let g = j - 1. Calculate the greatest common factor of g and 28.
14
Let w = 73 - 139. Let t be 6611/44 - 1/4. Let d = w + t. Calculate the highest common divisor of d and 12.
12
Suppose -2*k + 46 = 2*t, 4*t - 117 = -5*k + t. Let d = -4 + k. What is the highest common divisor of d and 5?
5
Let g(a) = -a**2 + 27*a - 69. Let l be g(24). Calculate the greatest common divisor of 15 and l.
3
Let j(h) = -h**2 - 13*h + 6. Let f be j(-7). Let k = -26 + f. What is the highest common factor of 88 and k?
22
Let w(a) = -a**3 + 6*a**2 - 3*a - 3. Suppose 0*r + r - 3 = 0. Let f be w(r). Calculate the greatest common factor of f and 60.
15
Suppose 109 + 31 = p. Calculate the highest common divisor of p and 20.
20
Let n = 31 - 19. Let h(l) = 14*l**3 - 2*l. Let a be h(2). What is the greatest common divisor of a and n?
12
Let w = -21 + 43. Suppose 3*r = -4*z - 10, r - 2*z = 3*z + w. Suppose 0 = u - r*y - 111, -u = -0*u + 2*y - 131. What is the highest common divisor of 11 and u?
11
Let c(g) = -g**2 + 8*g. Let q be c(8). Suppose 180 = -q*r + 5*r. What is the highest common divisor of r and 12?
12
Let y(s) = s**3 - 5*s**2 - s - 19. Let v be y(8). What is the greatest common divisor of 66 and v?
33
Let m(o) = o**3 + o + 7. Let d be m(0). Suppose 30 = d*y - 2*y. Calculate the highest common divisor of y and 24.
6
Suppose -3*d + 214 = k, 4*d + 4*k = -0*k + 280. Suppose p + d = 4*p. What is the greatest common factor of p and 3?
3
Let i(d) = 13*d**2 - 1. Let l be i(-1). Calculate the greatest common factor of l and 108.
12
Suppose -2*k - 14 = -3*q, -q - 10 = 2*q + 4*k. What is the greatest common factor of q and 12?
2
Suppose -2*c - 2 = -10. Let y(b) = b**2 + 6*b - 1. Let h be y(c). Suppose 0 = -5*p + 25, 2*q + 3*q - 120 = 2*p. Calculate the greatest common factor of h and q.
13
Let z = -4 + 6. Suppose z*x - 3*g = -5*g + 36, -4*x + 36 = -5*g. Suppose -4*o + 11 = -4*s - 9, 10 = -o - 4*s. Calculate the greatest common factor of o and x.
2
Suppose v = 7 + 11. What is the greatest common factor of v and 126?
18
Suppose 0 = 2*t + 2*t - 12. Let o = -2 + t. Suppose -6*z + 20 = -2*z. What is the highest common factor of z and o?
1
Suppose -3*l = -4*l + 6. Let a be ((-